{"id":1483,"date":"2023-08-16T15:33:53","date_gmt":"2023-08-16T13:33:53","guid":{"rendered":"https:\/\/pasiekawlipce.pl\/?page_id=1483"},"modified":"2024-01-24T10:40:34","modified_gmt":"2024-01-24T09:40:34","slug":"zajecia-w-pasiece-2","status":"publish","type":"page","link":"https:\/\/pasiekawlipce.pl\/index.php\/zajecia-w-pasiece-2\/","title":{"rendered":"Warsztaty rodzinne"},"content":{"rendered":"\t\t<div data-elementor-type=\"wp-page\" data-elementor-id=\"1483\" class=\"elementor elementor-1483\" data-elementor-post-type=\"page\">\n\t\t\t\t\t\t<section class=\"elementor-section elementor-top-section elementor-element elementor-element-83746e8 elementor-section-height-min-height elementor-section-boxed elementor-section-height-default elementor-section-items-middle\" data-id=\"83746e8\" data-element_type=\"section\" data-e-type=\"section\" data-settings=\"{&quot;background_background&quot;:&quot;classic&quot;}\">\n\t\t\t\t\t\t\t<div class=\"elementor-background-overlay\"><\/div>\n\t\t\t\t\t\t\t<div class=\"elementor-container elementor-column-gap-default\">\n\t\t\t\t\t<div class=\"elementor-column elementor-col-100 elementor-top-column elementor-element elementor-element-09faee3\" data-id=\"09faee3\" data-element_type=\"column\" data-e-type=\"column\">\n\t\t\t<div class=\"elementor-widget-wrap elementor-element-populated\">\n\t\t\t\t\t\t<div class=\"elementor-element elementor-element-c7152a9 elementor-widget elementor-widget-heading\" data-id=\"c7152a9\" data-element_type=\"widget\" data-e-type=\"widget\" data-widget_type=\"heading.default\">\n\t\t\t\t<div class=\"elementor-widget-container\">\n\t\t\t\t\t<h1 class=\"elementor-heading-title elementor-size-default\">Warsztaty rodzinne<\/h1>\t\t\t\t<\/div>\n\t\t\t\t<\/div>\n\t\t\t\t\t<\/div>\n\t\t<\/div>\n\t\t\t\t\t<\/div>\n\t\t<\/section>\n\t\t\t\t<section class=\"elementor-section elementor-top-section elementor-element elementor-element-1f6049b elementor-section-boxed elementor-section-height-default elementor-section-height-default\" data-id=\"1f6049b\" data-element_type=\"section\" data-e-type=\"section\">\n\t\t\t\t\t\t<div class=\"elementor-container elementor-column-gap-default\">\n\t\t\t\t\t<div class=\"elementor-column elementor-col-100 elementor-top-column elementor-element elementor-element-66399f3\" data-id=\"66399f3\" data-element_type=\"column\" data-e-type=\"column\">\n\t\t\t<div class=\"elementor-widget-wrap elementor-element-populated\">\n\t\t\t\t\t\t<div class=\"elementor-element elementor-element-ae83c89 elementor-widget elementor-widget-heading\" data-id=\"ae83c89\" data-element_type=\"widget\" data-e-type=\"widget\" data-widget_type=\"heading.default\">\n\t\t\t\t<div class=\"elementor-widget-container\">\n\t\t\t\t\t<h4 class=\"elementor-heading-title elementor-size-default\">Warsztaty te organizowane s\u0105 cyklicznie w r\u00f3\u017cnych okresach. Zazwyczaj jest to sobota, lub niedziela.\nOg\u0142aszamy je tutaj i na facebooku. Obowi\u0105zuj\u0105 na nie zapisy.\nSchemat warsztat\u00f3w jest podobny. R\u00f3\u017cni\u0105 si\u0119 one mi\u0119dzy sob\u0105 samym rodzajem warsztat\u00f3w, jakie b\u0119dziemy przeprowadza\u0107. Czyli inaczej m\u00f3wi\u0105c: z czym od wyjedziecie\n<\/h4>\t\t\t\t<\/div>\n\t\t\t\t<\/div>\n\t\t\t\t\t<\/div>\n\t\t<\/div>\n\t\t\t\t\t<\/div>\n\t\t<\/section>\n\t\t\t\t<section class=\"elementor-section elementor-top-section elementor-element elementor-element-a92bf94 elementor-section-boxed elementor-section-height-default elementor-section-height-default\" data-id=\"a92bf94\" data-element_type=\"section\" data-e-type=\"section\">\n\t\t\t\t\t\t<div class=\"elementor-container elementor-column-gap-default\">\n\t\t\t\t\t<div class=\"elementor-column elementor-col-50 elementor-top-column elementor-element elementor-element-f485586\" data-id=\"f485586\" data-element_type=\"column\" data-e-type=\"column\">\n\t\t\t<div class=\"elementor-widget-wrap elementor-element-populated\">\n\t\t\t\t\t\t<div class=\"elementor-element elementor-element-b5d284b elementor-widget elementor-widget-image\" data-id=\"b5d284b\" data-element_type=\"widget\" data-e-type=\"widget\" data-widget_type=\"image.default\">\n\t\t\t\t<div class=\"elementor-widget-container\">\n\t\t\t\t\t\t\t\t\t\t\t\t\t\t\t<img fetchpriority=\"high\" decoding=\"async\" width=\"901\" height=\"1600\" src=\"https:\/\/pasiekawlipce.pl\/wp-content\/uploads\/2024\/01\/pszczoly-ciekawostki-filmy-zdjecia02-scaled.jpg\" class=\"attachment-full size-full wp-image-1805\" alt=\"\" srcset=\"https:\/\/pasiekawlipce.pl\/wp-content\/uploads\/2024\/01\/pszczoly-ciekawostki-filmy-zdjecia02-scaled.jpg 901w, https:\/\/pasiekawlipce.pl\/wp-content\/uploads\/2024\/01\/pszczoly-ciekawostki-filmy-zdjecia02-169x300.jpg 169w, https:\/\/pasiekawlipce.pl\/wp-content\/uploads\/2024\/01\/pszczoly-ciekawostki-filmy-zdjecia02-577x1024.jpg 577w, https:\/\/pasiekawlipce.pl\/wp-content\/uploads\/2024\/01\/pszczoly-ciekawostki-filmy-zdjecia02-768x1364.jpg 768w, https:\/\/pasiekawlipce.pl\/wp-content\/uploads\/2024\/01\/pszczoly-ciekawostki-filmy-zdjecia02-865x1536.jpg 865w, https:\/\/pasiekawlipce.pl\/wp-content\/uploads\/2024\/01\/pszczoly-ciekawostki-filmy-zdjecia02-1153x2048.jpg 1153w\" sizes=\"(max-width: 901px) 100vw, 901px\" \/>\t\t\t\t\t\t\t\t\t\t\t\t\t\t\t<\/div>\n\t\t\t\t<\/div>\n\t\t\t\t\t<\/div>\n\t\t<\/div>\n\t\t\t\t<div class=\"elementor-column elementor-col-50 elementor-top-column elementor-element elementor-element-7d00c84\" data-id=\"7d00c84\" data-element_type=\"column\" data-e-type=\"column\">\n\t\t\t<div class=\"elementor-widget-wrap elementor-element-populated\">\n\t\t\t\t\t\t<div class=\"elementor-element elementor-element-8ce1b85 elementor-widget elementor-widget-heading\" data-id=\"8ce1b85\" data-element_type=\"widget\" data-e-type=\"widget\" data-widget_type=\"heading.default\">\n\t\t\t\t<div class=\"elementor-widget-container\">\n\t\t\t\t\t<h3 class=\"elementor-heading-title elementor-size-default\">Opowie\u015b\u0107 o pszczo\u0142ach \u2013 o tym, jak s\u0105 zorganizowane, jak s\u0105 wa\u017cne dla nas. <\/h3>\t\t\t\t<\/div>\n\t\t\t\t<\/div>\n\t\t\t\t<div class=\"elementor-element elementor-element-c31e03f elementor-widget elementor-widget-text-editor\" data-id=\"c31e03f\" data-element_type=\"widget\" data-e-type=\"widget\" data-widget_type=\"text-editor.default\">\n\t\t\t\t<div class=\"elementor-widget-container\">\n\t\t\t\t\t\t\t\t\t<p>Przekonacie si\u0119, \u017ce pszczo\u0142y s\u0105 bardzo m\u0105dre \u2013 a w swej inteligencji potrafi\u0105 by\u0107 okrutne. To jednak pozwala im trwa\u0107. Jestem przekonana, \u017ce zaskocz\u0119 Was nie raz tym, jak bardzo potrafi\u0105 sobie organizowa\u0107 \u017cycie.<\/p>\t\t\t\t\t\t\t\t<\/div>\n\t\t\t\t<\/div>\n\t\t\t\t\t<\/div>\n\t\t<\/div>\n\t\t\t\t\t<\/div>\n\t\t<\/section>\n\t\t\t\t<section class=\"elementor-section elementor-top-section elementor-element elementor-element-81b0575 elementor-section-boxed elementor-section-height-default elementor-section-height-default\" data-id=\"81b0575\" data-element_type=\"section\" data-e-type=\"section\">\n\t\t\t\t\t\t<div class=\"elementor-container elementor-column-gap-default\">\n\t\t\t\t\t<div class=\"elementor-column elementor-col-50 elementor-top-column elementor-element elementor-element-15cfb90\" data-id=\"15cfb90\" data-element_type=\"column\" data-e-type=\"column\">\n\t\t\t<div class=\"elementor-widget-wrap elementor-element-populated\">\n\t\t\t\t\t\t<div class=\"elementor-element elementor-element-a26d886 elementor-widget elementor-widget-image\" data-id=\"a26d886\" data-element_type=\"widget\" data-e-type=\"widget\" data-widget_type=\"image.default\">\n\t\t\t\t<div class=\"elementor-widget-container\">\n\t\t\t\t\t\t\t\t\t\t\t\t\t\t\t<img decoding=\"async\" width=\"1200\" height=\"1600\" src=\"https:\/\/pasiekawlipce.pl\/wp-content\/uploads\/2024\/01\/Zdjecie-do-sekcji-miody-i-produkty-pszczele.jpeg\" class=\"attachment-full size-full wp-image-1811\" alt=\"\" srcset=\"https:\/\/pasiekawlipce.pl\/wp-content\/uploads\/2024\/01\/Zdjecie-do-sekcji-miody-i-produkty-pszczele.jpeg 1200w, https:\/\/pasiekawlipce.pl\/wp-content\/uploads\/2024\/01\/Zdjecie-do-sekcji-miody-i-produkty-pszczele-225x300.jpeg 225w, https:\/\/pasiekawlipce.pl\/wp-content\/uploads\/2024\/01\/Zdjecie-do-sekcji-miody-i-produkty-pszczele-768x1024.jpeg 768w, https:\/\/pasiekawlipce.pl\/wp-content\/uploads\/2024\/01\/Zdjecie-do-sekcji-miody-i-produkty-pszczele-1152x1536.jpeg 1152w\" sizes=\"(max-width: 1200px) 100vw, 1200px\" \/>\t\t\t\t\t\t\t\t\t\t\t\t\t\t\t<\/div>\n\t\t\t\t<\/div>\n\t\t\t\t\t<\/div>\n\t\t<\/div>\n\t\t\t\t<div class=\"elementor-column elementor-col-50 elementor-top-column elementor-element elementor-element-97c09ce\" data-id=\"97c09ce\" data-element_type=\"column\" data-e-type=\"column\">\n\t\t\t<div class=\"elementor-widget-wrap elementor-element-populated\">\n\t\t\t\t\t\t<div class=\"elementor-element elementor-element-cfc6530 elementor-widget elementor-widget-heading\" data-id=\"cfc6530\" data-element_type=\"widget\" data-e-type=\"widget\" data-widget_type=\"heading.default\">\n\t\t\t\t<div class=\"elementor-widget-container\">\n\t\t\t\t\t<h3 class=\"elementor-heading-title elementor-size-default\">Degustacja miod\u00f3w na chlebie. <br>Posmakujecie r\u00f3\u017cnych rodzaj\u00f3w miodu. <br>Porcja s\u0142odkiej energii wystarczy Wam na ca\u0142y dzie\u0144<\/h3>\t\t\t\t<\/div>\n\t\t\t\t<\/div>\n\t\t\t\t\t<\/div>\n\t\t<\/div>\n\t\t\t\t\t<\/div>\n\t\t<\/section>\n\t\t\t\t<section class=\"elementor-section elementor-top-section elementor-element elementor-element-f2400c1 elementor-section-boxed elementor-section-height-default elementor-section-height-default\" data-id=\"f2400c1\" data-element_type=\"section\" data-e-type=\"section\">\n\t\t\t\t\t\t<div class=\"elementor-container elementor-column-gap-default\">\n\t\t\t\t\t<div class=\"elementor-column elementor-col-50 elementor-top-column elementor-element elementor-element-7609ad3\" data-id=\"7609ad3\" data-element_type=\"column\" data-e-type=\"column\">\n\t\t\t<div class=\"elementor-widget-wrap elementor-element-populated\">\n\t\t\t\t\t\t<div class=\"elementor-element elementor-element-3dd6d97 elementor-widget elementor-widget-image\" data-id=\"3dd6d97\" data-element_type=\"widget\" data-e-type=\"widget\" data-widget_type=\"image.default\">\n\t\t\t\t<div class=\"elementor-widget-container\">\n\t\t\t\t\t\t\t\t\t\t\t\t\t\t\t<img decoding=\"async\" width=\"1600\" height=\"1600\" src=\"https:\/\/pasiekawlipce.pl\/wp-content\/uploads\/2024\/01\/Warsztaty-u-Was-zdjecie-bloku-scaled.jpg\" class=\"attachment-full size-full wp-image-1809\" alt=\"\" srcset=\"https:\/\/pasiekawlipce.pl\/wp-content\/uploads\/2024\/01\/Warsztaty-u-Was-zdjecie-bloku-scaled.jpg 1600w, https:\/\/pasiekawlipce.pl\/wp-content\/uploads\/2024\/01\/Warsztaty-u-Was-zdjecie-bloku-300x300.jpg 300w, https:\/\/pasiekawlipce.pl\/wp-content\/uploads\/2024\/01\/Warsztaty-u-Was-zdjecie-bloku-1024x1024.jpg 1024w, https:\/\/pasiekawlipce.pl\/wp-content\/uploads\/2024\/01\/Warsztaty-u-Was-zdjecie-bloku-150x150.jpg 150w, https:\/\/pasiekawlipce.pl\/wp-content\/uploads\/2024\/01\/Warsztaty-u-Was-zdjecie-bloku-768x768.jpg 768w, https:\/\/pasiekawlipce.pl\/wp-content\/uploads\/2024\/01\/Warsztaty-u-Was-zdjecie-bloku-1536x1536.jpg 1536w, https:\/\/pasiekawlipce.pl\/wp-content\/uploads\/2024\/01\/Warsztaty-u-Was-zdjecie-bloku-2048x2048.jpg 2048w\" sizes=\"(max-width: 1600px) 100vw, 1600px\" \/>\t\t\t\t\t\t\t\t\t\t\t\t\t\t\t<\/div>\n\t\t\t\t<\/div>\n\t\t\t\t\t<\/div>\n\t\t<\/div>\n\t\t\t\t<div class=\"elementor-column elementor-col-50 elementor-top-column elementor-element elementor-element-40bfc21\" data-id=\"40bfc21\" data-element_type=\"column\" data-e-type=\"column\">\n\t\t\t<div class=\"elementor-widget-wrap elementor-element-populated\">\n\t\t\t\t\t\t<div class=\"elementor-element elementor-element-7cce840 elementor-widget elementor-widget-heading\" data-id=\"7cce840\" data-element_type=\"widget\" data-e-type=\"widget\" data-widget_type=\"heading.default\">\n\t\t\t\t<div class=\"elementor-widget-container\">\n\t\t\t\t\t<h3 class=\"elementor-heading-title elementor-size-default\">Warsztaty<br>  (jedne z poni\u017cszych- odpowiednie do pory roku)<\/h3>\t\t\t\t<\/div>\n\t\t\t\t<\/div>\n\t\t\t\t<div class=\"elementor-element elementor-element-18dff64 elementor-widget elementor-widget-text-editor\" data-id=\"18dff64\" data-element_type=\"widget\" data-e-type=\"widget\" data-widget_type=\"text-editor.default\">\n\t\t\t\t<div class=\"elementor-widget-container\">\n\t\t\t\t\t\t\t\t\t<ul><li>Pszczo\u0142y \u2013 poka\u017c\u0119 Wam pszczo\u0142y z bliska, oraz sam\u0105 najwa\u017cniejsz\u0105 pszczo\u0142\u0119, czyli ich kr\u00f3low\u0105. Widok plastra, na kt\u00f3rym toczy si\u0119 \u017cycie pszcz\u00f3\u0142, pozostanie na d\u0142ugo w Waszej pami\u0119ci<\/li><li>\u015awiece z wosku pszczelego \u2013 sk\u0105d si\u0119 bierze wosk i do czego nam s\u0142u\u017cy? Jak ju\u017c si\u0119 o tym dowiecie, zrobicie swoj\u0105 w\u0142asn\u0105 \u015bwieczk\u0119, aby jej zapach w Waszym domu przypomina\u0142 Wam, jak bardzo pszczo\u0142y s\u0105 wa\u017cne.<\/li><li>Myde\u0142ka glicerynowe \u2013 poznacie kilka zabawnych legend i fakt\u00f3w z historii myd\u0142a i brudu, po czym zrobicie swoje w\u0142asne myde\u0142ko i zabierzecie je do domu<\/li><li>\u015awi\u0105teczne \u2013 W \u015bwi\u0105tecznym klimacie przenios\u0119 Was do krainy piernika. Opr\u00f3cz pysznych ciasteczek, b\u0119dziecie mogli zrobi\u0107 tez wianki lub inne ozdoby \u015bwi\u0105teczne.<\/li><\/ul><p>Na ka\u017cdych warsztatach spr\u00f3bujecie pysznej i zdrowej lemoniady, czy herbaty i kawy z miodem. A na koniec takich warsztat\u00f3w, sp\u0119dzimy jeszcze mi\u0142o czas przy cieple ogniska, zajadaj\u0105c si\u0119 pyszn\u0105 kie\u0142bask\u0105 z niego.<\/p><p>Czas warsztat\u00f3w: 3 h<\/p><p>Termin: nie ma sta\u0142ych termin\u00f3w. S\u0105 one organizowane w zale\u017cno\u015bci od pory roku i potrzeby p\u0142yn\u0105cej od WasJ<\/p>\t\t\t\t\t\t\t\t<\/div>\n\t\t\t\t<\/div>\n\t\t\t\t\t<\/div>\n\t\t<\/div>\n\t\t\t\t\t<\/div>\n\t\t<\/section>\n\t\t\t\t<\/div>\n\t\t","protected":false},"excerpt":{"rendered":"<p>Warsztaty rodzinne Warsztaty te organizowane s\u0105 cyklicznie w r\u00f3\u017cnych okresach. Zazwyczaj jest to sobota, lub niedziela. Og\u0142aszamy je tutaj i na facebooku. Obowi\u0105zuj\u0105 na nie zapisy. Schemat warsztat\u00f3w jest podobny. R\u00f3\u017cni\u0105 si\u0119 one mi\u0119dzy sob\u0105 samym rodzajem warsztat\u00f3w, jakie b\u0119dziemy przeprowadza\u0107. Czyli inaczej m\u00f3wi\u0105c: z czym od wyjedziecie Opowie\u015b\u0107 o pszczo\u0142ach \u2013 o tym, jak &hellip;<\/p>\n<p class=\"read-more\"> <a class=\"\" href=\"https:\/\/pasiekawlipce.pl\/index.php\/zajecia-w-pasiece-2\/\"> <span class=\"screen-reader-text\">Warsztaty rodzinne<\/span> Read More &raquo;<\/a><\/p>\n","protected":false},"author":1,"featured_media":0,"parent":0,"menu_order":0,"comment_status":"closed","ping_status":"closed","template":"elementor_header_footer","meta":{"site-sidebar-layout":"default","site-content-layout":"default","ast-global-header-display":"","ast-banner-title-visibility":"","ast-main-header-display":"","ast-hfb-above-header-display":"","ast-hfb-below-header-display":"","ast-hfb-mobile-header-display":"","site-post-title":"","ast-breadcrumbs-content":"","ast-featured-img":"","footer-sml-layout":"","theme-transparent-header-meta":"","adv-header-id-meta":"","stick-header-meta":"","header-above-stick-meta":"","header-main-stick-meta":"","header-below-stick-meta":"","footnotes":""},"class_list":["post-1483","page","type-page","status-publish","hentry"],"_links":{"self":[{"href":"https:\/\/pasiekawlipce.pl\/index.php\/wp-json\/wp\/v2\/pages\/1483","targetHints":{"allow":["GET"]}}],"collection":[{"href":"https:\/\/pasiekawlipce.pl\/index.php\/wp-json\/wp\/v2\/pages"}],"about":[{"href":"https:\/\/pasiekawlipce.pl\/index.php\/wp-json\/wp\/v2\/types\/page"}],"author":[{"embeddable":true,"href":"https:\/\/pasiekawlipce.pl\/index.php\/wp-json\/wp\/v2\/users\/1"}],"replies":[{"embeddable":true,"href":"https:\/\/pasiekawlipce.pl\/index.php\/wp-json\/wp\/v2\/comments?post=1483"}],"version-history":[{"count":53,"href":"https:\/\/pasiekawlipce.pl\/index.php\/wp-json\/wp\/v2\/pages\/1483\/revisions"}],"predecessor-version":[{"id":1841,"href":"https:\/\/pasiekawlipce.pl\/index.php\/wp-json\/wp\/v2\/pages\/1483\/revisions\/1841"}],"wp:attachment":[{"href":"https:\/\/pasiekawlipce.pl\/index.php\/wp-json\/wp\/v2\/media?parent=1483"}],"curies":[{"name":"wp","href":"https:\/\/api.w.org\/{rel}","templated":true}]}}